posite number?
False
Is 2950183 a composite number?
False
Is 47752849 prime?
True
Is 39113 composite?
False
Is 94498309 prime?
False
Is 656519 a composite number?
False
Is 16822061 a composite number?
True
Is 12579613 a prime number?
False
Is 66122803 a composite number?
False
Is 148521161 composite?
False
Is 16213531 a prime number?
False
Is 40828421 a prime number?
True
Is 498709 a composite number?
True
Is 111701569 composite?
True
Is 574141 prime?
False
Is 50255327 a prime number?
True
Is 640309 a prime number?
False
Is 12567451 a composite number?
True
Is 10729541 prime?
False
Is 357562639 a prime number?
False
Is 1557758 a prime number?
False
Is 4891441 a composite number?
True
Is 770486429 a composite number?
False
Is 2175086 a prime number?
False
Is 98751745 a prime number?
False
Is 7172434 composite?
True
Is 73279 a composite number?
True
Is 216005 a composite number?
True
Is 119176267 a prime number?
False
Is 179203 prime?
True
Is 4778953 a composite number?
False
Is 40841491 composite?
True
Is 195731509 a composite number?
False
Is 4815383 a composite number?
True
Is 5265339 a composite number?
True
Is 29319463 prime?
False
Is 4218041 a prime number?
False
Is 167182933 prime?
True
Is 6656371 a prime number?
True
Is 98368279 a prime number?
True
Is 8969783 a composite number?
False
Is 133771445 a prime number?
False
Is 36108641 prime?
False
Is 97987 prime?
True
Is 3264419 a composite number?
False
Is 277400239 prime?
True
Is 89576489 a prime number?
False
Is 11287579 composite?
False
Is 104485891 composite?
True
Is 1939837 a composite number?
False
Is 4941413 composite?
False
Is 14953553 a composite number?
False
Is 2841199 prime?
True
Is 7321033 a prime number?
False
Is 3527633 composite?
True
Is 13766227 a composite number?
False
Is 25013819 prime?
False
Is 32867669 prime?
True
Is 41508358 a composite number?
True
Is 4048813 composite?
False
Is 11198578 composite?
True
Is 41975317 composite?
False
Is 109611511 a prime number?
True
Is 995203 a prime number?
False
Is 11240689 prime?
False
Is 1212781 a composite number?
False
Is 109683499 a prime number?
False
Is 333085 composite?
True
Is 3397523 prime?
False
Is 24626891 a composite number?
False
Is 49407931 composite?
True
Is 1171189 composite?
False
Is 460519 a composite number?
True
Is 25607497 a prime number?
False
Is 1429631 a composite number?
True
Is 5135953 a composite number?
False
Is 327351091 composite?
False
Is 804563 a composite number?
True
Is 33439531 prime?
True
Is 4801637 a prime number?
False
Is 28490369 composite?
False
Is 15210457 prime?
True
Is 72929446 a composite number?
True
Is 30867509 a composite number?
True
Is 4868947 composite?
False
Is 22872559 prime?
False
Is 67646393 prime?
True
Is 1341599 prime?
False
Is 81732347 a prime number?
True
Is 15886817 a prime number?
True
Is 69902017 prime?
True
Is 11510743 composite?
True
Is 14290753 composite?
False
Is 401694739 a composite number?
False
Is 12781669 composite?
False
Is 30131 composite?
True
Is 514659 a composite number?
True
Is 51236563 a composite number?
True
Is 21171973 a composite number?
True
Is 23916241 a prime number?
False
Is 61333499 prime?
False
Is 260832337 prime?
True
Is 165100139 composite?
True
Is 5803009 composite?
True
Is 138719639 prime?
True
Is 10514341 a composite number?
True
Is 72291601 a prime number?
True
Is 71263939 a composite number?
True
Is 132686131 a composite number?
False
Is 2041097 a prime number?
True
Is 12307301 composite?
False
Is 50509 a prime number?
False
Is 356413471 a composite number?
False
Is 58065239 prime?
True
Is 209738303 prime?
True
Is 17263927 composite?
False
Is 492345839 a composite number?
False
Is 1297057 prime?
True
Is 2351047 prime?
True
Is 70386899 a prime number?
False
Is 112266667 a composite number?
True
Is 53137087 prime?
False
Is 87839347 a composite number?
True
Is 9698621 composite?
False
Is 19013503 prime?
True
Is 18328701 prime?
False
Is 153198983 a composite number?
True
Is 33078219 a composite number?
True
Is 4448593 a prime number?
False
Is 50205703 a prime number?
False
Is 15224353 a composite number?
True
Is 1417159 a composite number?
False
Is 114264263 a prime number?
False
Is 683153 a composite number?
True
Is 2755694627 prime?
False
Is 11305577 a prime number?
False
Is 636256802 prime?
False
Is 3553037 prime?
True
Is 151228003 a prime number?
True
Is 229547 a prime number?
True
Is 3342721 composite?
False
Is 45545321 prime?
True
Is 1383643 a composite number?
True
Is 649186831 prime?
False
Is 21946079 composite?
False
Is 5463791 a prime number?
True
Is 38458979 prime?
False
Is 2000629 composite?
False
Is 49075519 a composite number?
True
Is 81078161 a prime number?
True
Is 81067979 a prime number?
False
Is 1058957 prime?
False
Is 1208539 composite?
True
Is 26496677 prime?
True
Is 3074363 prime?
False
Is 274545107 prime?
False
Is 56864937 prime?
False
Is 2004209 prime?
True
Is 261695435 a prime number?
False
Is 872405 prime?
False
Is 103816109 composite?
True
Is 221797 composite?
False
Is 4664821 prime?
False
Is 6096593 prime?
True
Is 2370181 prime?
False
Is 28958029 a prime number?
True
Is 1520977 a prime number?
False
Is 1538077 a prime number?
True
Is 66759197 prime?
False
Is 4607283 composite?
True
Is 3127733 a composite number?
True
Is 21453839 a composite number?
True
Is 9467219 a composite number?
True
Is 228984127 a prime number?
True
Is 32254561 composite?
False
Is 3753193 composite?
False
Is 11255147 a prime number?
False
Is 34437254 a composite number?
True
Is 130241667 a prime number?
False
Is 871727 a composite number?
False
Is 43889009 composite?
False
Is 5653381 a composite number?
False
Is 10149599 prime?
True
Is 310853747 prime?
True
Is 14095951 a composite number?
True
Is 15497761 a composite number?
True
Is 2857801 a composite number?
False
Is 133153 a prime number?
True
Is 29322823 a prime number?
False
Is 22210309 a prime number?
False
Is 715783 a composite number?
True
Is 271357679 a prime number?
True
Is 2764876645 a composite number?
True
Is 67056229 prime?
True
Is 53337749 composite?
False
Is 1003241 a composite number?
False
Is 6118397 composite?
True
Is 255697271 a prime number?
True
Is 1755079 prime?
False
Is 4972378 a prime number?
False
Is 772379 composite?
False
Is 36683159 a prime number?
True
Is 71626327 prime?
False
Is 159433243 a prime number?
True
Is 4165639 composite?
True
Is 2835767 composite?
True
Is 3463939 a composite number?
False
Is 169199359 composite?
True
Is 5945035 prime?
False
Is 718283 a composite number?
True
Is 1827073 a composite number?
True
Is 713473 a prime number?
False
Is 262053977 composite?
False
Is 69469441 composite?
False
Is 162033253 composite?
True
Is 85497229 a composite number?
False
Is 5655115 a prime number?
False
Is 16620491 prime?
False
Is 145826185 a composite number?
True
Is 61485323 prime?
False
Is 41058051 prime?
False
Is 326424037 a prime number?
False
Is 68604373 a prime number?
True
Is 13942619 prime?
True
Is 369130646 a composite number?
True
Is 3330673 composite?
True
Is 97929971 a prime number?
False
Is 2181533 a prime number?
False
Is 3264062 a prime number?
False
Is 15043209 a prime number?
False
Is 3232003 prime?
True
Is 28507195 a prime number?
False
Is 173219071 prime?
True
Is 32659453 composite?
False
Is 2524813 prime?
False
Is 406756583 a prime number?
True
Is 82989817 a composite number?
False
Is 1206635 prime?
False
Is 442667 prime?
False
Is 541859 a prime number?
True
Is 81396569 a prime number?
True
Is 261149249 composite?
True
Is 10632709 prime?
True
Is 3047729 composite?
False
Is 121843 a prime number?
True
Is 145599799 prime?
False
Is 47705727 composite?
True
Is 22870543 prime?
False
Is 2426387 a prime number?
True
Is 3058021 a composite number?
True
Is 25215763 a prime number?
True
Is 233005 prime?
False
Is 25493665 a composite number?
True
Is 125360983 a composite number?
True
Is 5890541717 composite?
False
Is 61053989 composite?
False
Is 7757959 a prime number?
False
Is 1818833 composite?
False
Is 12972731 a composite number?
True
Is 1301413 prime?
True
Is 2238931 prime?
True
Is 6933299 prime?
False
Is 27613429 composite?
False
Is 27179983 a prime number?
True
Is 3661865 composite?
True
Is 12841 prime?
True
Is 442331 a prime number?
Fa